s divided by 36.
30
Let h(r) = -13*r - 5. Suppose -10*t - 6 = -4*t. Calculate the remainder when h(t) is divided by 2.
0
Let g = -65 - -118. Let p(i) be the first derivative of i**3/3 - 10*i**2 + 19*i - 2. What is the remainder when g is divided by p(20)?
15
Let u = -114 + 123. Let r(p) = -p + 4. Let l be r(0). Suppose -4*f = o - 130, -l*o - 10 = -u*o. Calculate the remainder when f is divided by 11.
10
Let i(q) = 12*q**2 - q + 1. Let o(k) = -4*k + 3. Suppose -n = -3*l + 14, -n - 1 - 5 = l. Calculate the remainder when o(n) is divided by i(1).
11
Calculate the remainder when 130 is divided by (-224)/(-6) + (-235)/(-141).
13
Let b = -1929 - -1974. What is the remainder when b is divided by 36?
9
Suppose -2*y - 2*u + 2528 = 0, 36*y = 33*y - 4*u + 3795. Calculate the remainder when y is divided by 8.
5
Let o = 15 + -15. Suppose o*c + 11 = c - 5*p, 0 = 4*c + 5*p - 19. Calculate the remainder when 34 is divided by c.
4
Let d(f) = -f**3 - f**2 + 3*f - 5. Suppose 0 = -0*s - 2*s. Suppose s = 4*u - 411 + 51. Calculate the remainder when u is divided by d(-4).
28
Let b be (-1 - -2)*(10 + 3). Let d = -12 + b. What is the remainder when (1 - d) + 42 + 0 is divided by 11?
9
Suppose -3*l = 5*b - 3263, -6*b = -3*b - l - 1969. Let d = b + -440. What is the remainder when d is divided by 54?
53
Suppose -l + 3*s + 0*s = 5, 4*s - 80 = 5*l. What is the remainder when (2/(-5))/(l/500) is divided by 6?
4
Let d(g) = -2*g**3 - g + 3. Let f be d(0). Suppose 0 = -f*i + 5*x + 9, -1 = 5*x - 16. What is the remainder when 39 is divided by i?
7
Suppose -6*v - 60 = -16*v. Let g = 60 - 42. What is the remainder when g is divided by v?
0
Let x = -1714 + 1736. Calculate the remainder when 82 is divided by x.
16
Let r = -8 + -1. Let q = r + 46. What is the remainder when q is divided by (3*-1)/(7/((-273)/9))?
11
Suppose 2*w + 2 = -5*q - 2, 3*w - 2*q - 32 = 0. What is the remainder when 27 is divided by w?
3
Let d = -37 + 75. Suppose -4*f + 550 = f + 5*v, -5*f = 3*v - 556. Calculate the remainder when f is divided by d.
37
Suppose 4*j + 3*x = 585, 2*j = 6*j - 3*x - 615. Calculate the remainder when j is divided by 39.
33
Calculate the remainder when 30 is divided by 408/32 - (-3)/12.
4
Suppose 70*d - 5*i = 74*d - 123, 0 = 2*i + 10. Calculate the remainder when d is divided by 4.
1
Let t(l) = -3*l - 13. Let r be t(-7). Let p(o) = 14*o + 39. What is the remainder when p(r) is divided by 51?
49
Suppose 5*r - r - 22 = 2*o, -5*o + 43 = 4*r. Suppose -r*a + a = -318. What is the remainder when a is divided by 18?
17
Let l(k) = k**3 - 4*k**2 - 5*k + 30. Let r be l(8). Suppose 66 = 3*u - r. Calculate the remainder when u is divided by 21.
20
Suppose 3*y - 73 = 227. Calculate the remainder when y is divided by 37.
26
Suppose 0 = 19*l - 14*l + 20, 2*b = -4*l + 96. What is the remainder when b is divided by 29?
27
Let n(p) = -p**3 + 9*p**2 - 7*p - 8. Let k be n(8). Suppose k = -3*h - 55 - 35. Let v = h - -46. Calculate the remainder when 31 is divided by v.
15
Suppose 25*i - 8*i - 476 = 0. Let n(x) = -x**3 + 2*x**2 - 2*x - 1. Let h be n(-4). Let t = h + -20. Calculate the remainder when t is divided by i.
27
Suppose 0 = 3*i - j + 5*j - 46, 4*j + 44 = 2*i. Let t = i - 16. Suppose p - 4 = -3*m - 4*p, 2*m - p = 7. What is the remainder when m is divided by t?
1
Let q(n) = -n - 10. Suppose -44 = -4*u - 0*u. Calculate the remainder when u is divided by q(-18).
3
Let d(n) = 3*n**2 - 2*n**2 - 3*n - 2*n**2 + 12 - 5*n. Let i be d(-7). Let j = 28 - i. Calculate the remainder when 34 is divided by j.
7
Let z = -12 + 17. What is the remainder when 109/z - 21/(-105) is divided by 8?
6
Let a(l) = -3*l - 10. Let j(x) = -x**2. Let s be j(1). Let f be 7/((4/4)/s). What is the remainder when 41 is divided by a(f)?
8
What is the remainder when ((-29)/9 - 22/(-99)) + -68 + 95 is divided by (-114)/(-8) - (-2)/(-8)?
10
Suppose 4*y + 5*p - 101 = 0, -3*p - 9 = -0. Let v(a) = 3*a - 3*a - 18*a - 9 - 13*a. What is the remainder when v(-4) is divided by y?
28
Suppose -3*u - 12 = 0, 5*d + 4*u - 2*u - 7 = 0. Suppose d*p - 6*p = -573. Calculate the remainder when p is divided by 48.
47
Let i = -8 + 17. Let t = -34 - -60. Suppose -4*l + 77 = 3*n + 7, -3*n = -2*l + t. What is the remainder when l is divided by i?
7
Let j(f) = f + 1. Let h be j(-7). Calculate the remainder when 51 + (1 - -2) + h is divided by 17.
14
What is the remainder when 23 is divided by (-75 + 81)*(-1 + 3)?
11
Let w(p) = 3*p**2 + p - 5. Let z(s) = -s + 20. Let n be z(14). Calculate the remainder when w(4) is divided by -5 + n + 11/1.
11
Suppose -5*c = v - 40, -5*v - 2 - 23 = 0. What is the remainder when 25 is divided by c?
7
Let k be 2/(-5) - 704/40. Let f = 5 + 10. What is the remainder when k/(-4)*(-112)/(-12) is divided by f?
12
Let v = 40 + -16. Suppose 0 = -3*k + 78 + v. Let n = -24 + k. Calculate the remainder when 19 is divided by n.
9
Let q = -13 - 15. Let s = q + 28. Suppose t = -s*t + 3. Calculate the remainder when 4 is divided by t.
1
Let f(k) = k + 31. Let b be f(-15). Suppose b*v = 20*v - 40. What is the remainder when ((-275)/v + -1)*-2 is divided by 15?
12
Let w(o) = 11*o**2 - 42*o - 179. What is the remainder when w(-5) is divided by 78?
72
Suppose -2*j - 180 = -3*q, 38*q = 39*q - 3*j - 53. What is the remainder when 97 is divided by q?
35
Suppose -125 = 2*m - 3*p, 4*m + 5*p = -0*m - 239. Let f = m - -93. Let v = -21 + 32. Calculate the remainder when f is divided by v.
10
Let i = -266 + 329. Calculate the remainder when i is divided by 13.
11
Let v(r) = -2*r + 12. Suppose m - 9 = -5*t, 0 = -5*m + m + 5*t - 39. Let w = 175 - 162. Calculate the remainder when v(m) is divided by w.
11
Suppose -5*k - 3*x = -188, -2*k + x + 28 = -45. Suppose -5*v - 7 + k = 0. Calculate the remainder when 24 is divided by v.
0
Let l = -1152 + 1226. Calculate the remainder when 183 is divided by l.
35
Let m(n) = 28 - 53 + 32 - n. Suppose 0*i + 5*i - 25 = 0. Calculate the remainder when m(2) is divided by i.
0
What is the remainder when ((-198)/15)/(3324/480 - 7) is divided by 163?
13
Suppose 2*a - z - 10 = 0, -5*a + 50*z + 27 = 48*z. What is the remainder when 1077 is divided by a?
6
Calculate the remainder when 149 is divided by ((-54)/14)/(165/(-770)).
5
Suppose 2*p = 5*s + 1 + 17, 3*p = 3*s + 45. Let z = 22 - 17. Suppose -262 = -z*w + 2*n, -146 = -6*w + 3*w + 4*n. What is the remainder when w is divided by p?
16
Let z be (-26 + 2)*4/6. Let g = -28 + 4. Let d = z - g. What is the remainder when 13 is divided by d?
5
Let b(y) = -49*y - 2. Calculate the remainder when b(-2) is divided by 77.
19
Let q be (-1)/(-1) + 6/2. Suppose 4*t + q*v = 2*v + 30, -5*v + 35 = 2*t. What is the remainder when t is divided by 4?
1
Let b be (-168)/(-36) + 4/18*-3. What is the remainder when 57 is divided by (-1368)/(-68) + b/(-34)?
17
Let a(o) = 3*o**2 - o + 1. Let l be a(2). Let r = 22 - l. Let q = 191 - 139. What is the remainder when q is divided by r?
8
Calculate the remainder when 521 is divided by 1287/45 + 2/5.
28
Let g(l) = 6*l - 54. Suppose -60 = 16*t - 20*t. What is the remainder when 141 is divided by g(t)?
33
Let a(k) = 12*k**2 - 3*k. Suppose -j - j - 3*f = -18, 2*f = 0. What is the remainder when a(2) is divided by j?
6
Let g(b) = -b**2 + 6*b + 13. Calculate the remainder when 25 is divided by g(6).
12
Suppose -2*w = 2*l - 4*w + 6, -4*w + 12 = 4*l. Let q(b) = -b - 31. Calculate the remainder when l - (2 + 9*-1) is divided by q(-33).
1
Let o(k) = 32*k**2 + 11*k - 9. Calculate the remainder when o(1) is divided by 10.
4
Let h(r) = r**2 + r + 5. Let i be h(0). Suppose -4*w = i - 29. What is the remainder when 13 - (6 - -18) - -34 is divided by w?
5
Let p = 588 - 499. What is the remainder when p is divided by 4?
1
Let h be 498/24 - (-6)/(-8). Calculate the remainder when 38 is divided by (-3 - (-84)/h)*5.
2
Suppose 2448*d + 1280 = 2458*d. What is the remainder when d is divided by 48?
32
Suppose 2*y - 5*y = -9. Let j(r) = 4*r**2 - 2*r + 1. Let a be j(1). Suppose -3*m - a*n = -42, 8 = y*m + n - 34. Calculate the remainder when 53 is divided by m.
11
Suppose 4*i = 8*i + 112. Let g(n) = n**2 - 18*n - 36. Let r be g(19). Let c = r - i. Calculate the remainder when 53 is divided by c.
9
Let s(y) = y**3 + 43*y**2 + 126*y + 258. What is the remainder when 138/4 + 2/(